by (-1)/(-5) - b/(-10).
2
Let q = 19918 - 19342. Calculate the remainder when q is divided by 190.
6
Let c(w) = 17*w**2 + 5*w + 3. What is the remainder when 169 is divided by c(-3)?
28
What is the remainder when 1/2 + 135/2 is divided by -30 + -18 + (-16 - -76)?
8
Let j(m) = m**2 + 28*m - 105. Let o be j(5). Let g = o + -39. What is the remainder when 58 is divided by g?
16
Suppose -37*f - 3047 = -56*f + 3033. Calculate the remainder when 683 is divided by f.
43
Let x(n) = 7*n - 5. Let z be x(1). Suppose z*b = -d + 25, 6*b - b = d - 39. Calculate the remainder when 81 is divided by d.
23
Let d be 4 - 68/18 - (-1778)/18. Let s(l) = 99 + 50*l + 52*l - d*l. What is the remainder when s(0) is divided by 25?
24
Let w = 325 - 343. Let a(c) = c**3 + 22*c**2 + 68*c - 44. What is the remainder when 445 is divided by a(w)?
25
Let d(y) = -73*y**3 - y**2 + y. Let r be d(1). Let n = 201 + r. Suppose 156 + n = 2*l. Calculate the remainder when l is divided by 36.
34
Suppose -4*z + 2 + 76 = -2*h, 3*h = 15. Let d = z + -15. Suppose -d*g = -3*g - 32. Calculate the remainder when 29 is divided by g.
5
Let a(p) = -80*p - 2538. What is the remainder when 910 is divided by a(-33)?
94
Suppose 0 = -i + 2*i + 135. Let c(q) = q**3 - 9*q**2 + 22*q - 33. Let v be c(6). Calculate the remainder when 38 is divided by 3/(-2)*v/(i/(-230)).
15
Suppose 4*u + 304 = 6*t, 4*u = 3*t - 6*t + 164. Suppose 54 = -3*y + 5*y. Calculate the remainder when t is divided by y.
25
Suppose -21*q = -15*q + 324. Let w be 4/(-18) + (-16968)/q. Let c = w + -201. What is the remainder when c is divided by 39?
35
Let p(c) = 24*c - 12*c - 27 + 17*c. What is the remainder when p(4) is divided by 18?
17
Suppose 2 = 23*n - 22*n + 3*y, n + 4*y = -3. Calculate the remainder when 152 is divided by n.
16
Let b(d) = 202*d**3 + 97*d**2 - 473*d + 14. Calculate the remainder when b(5) is divided by 19.
16
Suppose -5*b - 231 = -2*z, -b = 2*b - 9. Let n = z + -99. Calculate the remainder when 167 is divided by n.
23
Let i(a) = -3*a. Suppose 2*q - 5*x = -0*q + 17, 0 = -2*q - 4*x + 8. Let k(y) = -22*y + 155. Calculate the remainder when k(q) is divided by i(-4).
11
Suppose 1228 + 3868 = -26*n. Let o = -168 - n. What is the remainder when o is divided by 11?
6
Suppose -4*t = -2*r + 34, 3*t = -3*r + 3 + 3. Suppose r*s - 13*s - 630 = 0. Let g = s - -113. Calculate the remainder when 199 is divided by g.
7
Suppose -4*s - 3*m + 9727 = 0, -136*m = -5*s - 140*m + 12161. Calculate the remainder when 7287 is divided by s.
12
Let d be (3 - (0 + 12/4))/3. Suppose d = -24*l + 27*l - 63. What is the remainder when 56 is divided by l?
14
Let k(n) = -269*n + 399. Calculate the remainder when k(0) is divided by 52.
35
Let z = 1036 + -1511. Let b = z + 670. What is the remainder when b is divided by 63?
6
Let m(g) = 31*g - 370. Let t(p) = 10*p**2 + p - 1. Calculate the remainder when m(17) is divided by t(2).
34
Let c(x) = -99*x - 4273. Calculate the remainder when 2331 is divided by c(-51).
3
Suppose -3481 = -87*a + 16806 + 11642. What is the remainder when a is divided by 123?
121
Suppose i + i = 5*s + 324, 0 = -4*s + 16. Suppose 20 = -t + 5*f, -114*t + 112*t + 2*f + 16 = 0. What is the remainder when i is divided by t?
7
Let d = -6 + 12. Let z = -4152 - -4282. What is the remainder when z is divided by d?
4
Let f(y) = -56*y + 289. What is the remainder when f(-8) is divided by 6?
5
Let i be 16/28 - (-816)/42. Let y be 545 + i + (0 - (0 + 1)). Suppose y = 4*r + 8*r. What is the remainder when 234 is divided by r?
46
Suppose 2*y - 177 + 66 = 121. What is the remainder when 245 is divided by y?
13
Suppose 307*d - 319*d + 21780 = 0. Calculate the remainder when d is divided by 38.
29
Let r(l) = -3*l**3 - 39*l**2 + 3*l + 42. Let s = -1 - -5. Suppose s*a = 5*u - 8*u + 1, -2*u - 30 = -5*a. What is the remainder when a is divided by r(-13)?
1
Let w(t) = t**2 + 12*t - 9. Let z be w(-11). Calculate the remainder when 118 is divided by (-112)/z - (-8)/20 - -4.
8
Let g = 5952 - 5943. Calculate the remainder when 2924 is divided by g.
8
Suppose -j - c + 1432 = 0, 5*c - 5074 = -4*j + 647. Calculate the remainder when j is divided by 60.
59
Suppose 265 = q + k, 4*q - 485*k + 481*k - 1076 = 0. Calculate the remainder when 539 is divided by q.
5
Suppose -15*o + 4*g = -18*o + 52, -o + 17 = g. Suppose 4*i = -4*a - 36, -5*i - 4*a - 22 = 23. What is the remainder when o is divided by (i + 0)*(-2)/2?
7
Let o(j) = -3*j + 51. Suppose -4*y + 68 = 20. What is the remainder when 24 is divided by o(y)?
9
Let g = -59 - -64. Suppose 19 = 3*d - 5*j, -22 = -0*d - 4*d + g*j. Suppose 6*h - 87 = d*h. Calculate the remainder when 56 is divided by h.
27
Let g = -42 - -45. Suppose 0 = 2*r + g*b - 513, -r + 9*b = 4*b - 263. Suppose 0 = -19*a + 17*a + r. What is the remainder when a is divided by 26?
25
Let g = 162 - 228. Let s = -64 - g. Suppose -39 = 5*y - z - 132, 2*y - 42 = -s*z. What is the remainder when 68 is divided by y?
11
Let w = -284 + 291. Suppose w*o - 123 - 3 = 0. Calculate the remainder when 124 is divided by o.
16
Let f = 836 - 626. Calculate the remainder when 87 is divided by (-2230)/(-150) + 7/(f/4).
12
Let l = 106 - 106. Let z(g) = -2*g**2 + 3*g + 4. Let u be z(l). Suppose 5*m + p = -p + 38, 14 = 5*m - u*p. Calculate the remainder when 75 is divided by m.
3
What is the remainder when 261 is divided by 9 + -6 + 25 - 2?
1
Let g(n) = 48*n**3 + 9*n**2 + 6*n - 7. Let r(u) = 32*u**3 + 6*u**2 + 4*u - 5. Let l(b) = -5*g(b) + 7*r(b). What is the remainder when 41 is divided by l(-1)?
11
Suppose 66*d - 25*d - 1025 = 0. Calculate the remainder when d is divided by (-60)/(-45) - (-14)/3 - -3.
7
Let u(x) = 3*x**2 + 7*x + 9*x**2 - 32 - 11*x**2. Calculate the remainder when 106 is divided by u(5).
22
Calculate the remainder when 294/(-1470) + (-208)/(-10)*134 is divided by 31.
28
Suppose -3*x + 23032 - 4501 = 15*p, 2*x + 2466 = 2*p. Calculate the remainder when p is divided by 14.
3
Let a(v) = -46*v**2 - 703*v - 28. What is the remainder when 387 is divided by a(-15)?
53
Let w = -915 - -1266. What is the remainder when w is divided by 68?
11
Suppose -5*r - p + 767 = 0, 2*r - 301 = 2*p + 13. Calculate the remainder when r is divided by 23.
16
Suppose 85*n - 190 = 30*n + 30. Let h(l) = 17*l**2 + 1. Calculate the remainder when h(-1) is divided by n.
2
Suppose 11*z - 5 = 10*z. Let k = z + 52. Suppose 87 = 4*f + 3. What is the remainder when k is divided by f?
15
Suppose 1141*k - 1131*k - 11500 = 0. Calculate the remainder when k is divided by 24.
22
Suppose 54 = 5*b - 11. Suppose -8*r - b*r = -168. Suppose 48 = -4*w + r*w. Calculate the remainder when 20 is divided by w.
8
Suppose -34*j = -2997 + 685. What is the remainder when 164 is divided by j?
28
Suppose 32*u = 47*u - 525. Suppose -5*r + 2*f = -32, -5*r + f + 10 = -26. What is the remainder when u is divided by r?
3
Calculate the remainder when 3591/14 - 60/24 is divided by 246.
8
Let q be (852/(-497))/((-1)/7). Suppose -15*v + 23949 = q*v. Calculate the remainder when v is divided by 74.
73
Let f(h) be the first derivative of -h**4/4 - 11*h**3 + 25*h**2/2 - 81*h - 307. What is the remainder when f(-34) is divided by 75?
0
Suppose 21 = 30*q - 33*q, 5*q = 2*d - 269. Calculate the remainder when d is divided by 20.
17
Suppose -9*l - 39813 = -4956. Let t be -2 - l - 3/(-15)*-5. Calculate the remainder when t/50 + (-4)/10 is divided by 10.
7
Let w be (-22)/(-12) - (-35)/210. Suppose -2*o - 4*p = -38, w*o - 13*p = -10*p + 24. Calculate the remainder when 194 is divided by o.
14
Let r(s) = -s**3 - 21*s**2 - 41*s - 10. Let d(j) = -j**3 - 22*j**2 - 43*j - 11. Let c(f) = 2*d(f) - 3*r(f). Calculate the remainder when c(-6) is divided by 16.
14
Suppose -114*k + 138713 = 76*k + 17873. Calculate the remainder when k is divided by 100.
36
Let x(s) be the second derivative of -s**4/6 - s**3 + 4*s**2 + 29*s. Let j be x(-6). What is the remainder when 50 is divided by 11 + (20/35)/(8/j)?
5
Let i = -9088 + 9462. Calculate the remainder when i is divided by 196.
178
Let w = -675 - -671. What is the remainder when 1092/(63/9)*(-2)/w is divided by 35?
8
Let m = 3430 - 3303. Calculate the remainder when m is divided by 35.
22
Suppose -5*p - 3*b + 35 = 33, -p = -b + 6. Suppose -2*i - 4*k + k + 11 = 0, 3*i - 3*k + 21 = 0. What